377 is divided by 226?
151
What is the remainder when 54774 is divided by 8?
6
What is the remainder when 641840 is divided by 106972?
8
What is the remainder when 347831 is divided by 19?
17
What is the remainder when 6105 is divided by 1523?
13
Calculate the remainder when 136124 is divided by 5.
4
Calculate the remainder when 60514 is divided by 6722.
16
What is the remainder when 15079 is divided by 332?
139
What is the remainder when 705449 is divided by 27?
20
Calculate the remainder when 5153 is divided by 1583.
404
Calculate the remainder when 750 is divided by 45.
30
What is the remainder when 34035 is divided by 149?
63
What is the remainder when 68989 is divided by 5?
4
What is the remainder when 13872 is divided by 63?
12
What is the remainder when 377020 is divided by 9921?
22
Calculate the remainder when 9755 is divided by 1078.
53
Calculate the remainder when 3061 is divided by 342.
325
What is the remainder when 11082 is divided by 42?
36
Calculate the remainder when 81445 is divided by 89.
10
Calculate the remainder when 476 is divided by 466.
10
What is the remainder when 1022 is divided by 137?
63
What is the remainder when 67529 is divided by 37?
4
Calculate the remainder when 20569 is divided by 107.
25
Calculate the remainder when 2074 is divided by 95.
79
What is the remainder when 16848 is divided by 314?
206
What is the remainder when 53606 is divided by 5955?
11
What is the remainder when 282 is divided by 164?
118
What is the remainder when 29345 is divided by 449?
160
What is the remainder when 2692 is divided by 93?
88
What is the remainder when 2271 is divided by 1106?
59
Calculate the remainder when 9098 is divided by 85.
3
Calculate the remainder when 186 is divided by 98.
88
Calculate the remainder when 52476 is divided by 26199.
78
What is the remainder when 20635 is divided by 77?
76
Calculate the remainder when 12738 is divided by 137.
134
Calculate the remainder when 56339 is divided by 9.
8
What is the remainder when 44052 is divided by 21868?
316
What is the remainder when 1382578 is divided by 9?
7
What is the remainder when 26406 is divided by 13184?
38
Calculate the remainder when 331 is divided by 171.
160
What is the remainder when 27265 is divided by 17?
14
What is the remainder when 1742441 is divided by 502?
501
What is the remainder when 306287 is divided by 36?
35
Calculate the remainder when 210064 is divided by 70018.
10
Calculate the remainder when 25718 is divided by 6424.
22
Calculate the remainder when 166 is divided by 6.
4
What is the remainder when 1824 is divided by 362?
14
Calculate the remainder when 1159 is divided by 578.
3
What is the remainder when 2896 is divided by 794?
514
Calculate the remainder when 3587400 is divided by 43.
39
What is the remainder when 39722 is divided by 104?
98
What is the remainder when 7395 is divided by 3639?
117
What is the remainder when 4324 is divided by 626?
568
What is the remainder when 473815 is divided by 7?
6
What is the remainder when 3525 is divided by 500?
25
What is the remainder when 2602 is divided by 64?
42
What is the remainder when 176771 is divided by 58923?
2
Calculate the remainder when 54526 is divided by 198.
76
What is the remainder when 5833 is divided by 204?
121
What is the remainder when 405401 is divided by 172?
169
Calculate the remainder when 2004 is divided by 923.
158
What is the remainder when 26931 is divided by 676?
567
What is the remainder when 5262 is divided by 477?
15
Calculate the remainder when 2598628 is divided by 285.
283
Calculate the remainder when 1696812 is divided by 622.
618
Calculate the remainder when 68868 is divided by 22933.
69
What is the remainder when 4175 is divided by 298?
3
What is the remainder when 482 is divided by 157?
11
What is the remainder when 15174 is divided by 220?
214
What is the remainder when 2790 is divided by 90?
0
What is the remainder when 159454 is divided by 18?
10
Calculate the remainder when 166109 is divided by 6.
5
What is the remainder when 482 is divided by 337?
145
What is the remainder when 21704 is divided by 523?
261
Calculate the remainder when 3910129 is divided by 830.
829
Calculate the remainder when 2598828 is divided by 953.
950
What is the remainder when 2620 is divided by 558?
388
Calculate the remainder when 25868 is divided by 505.
113
What is the remainder when 239786 is divided by 61?
56
Calculate the remainder when 24532 is divided by 2452.
12
Calculate the remainder when 113084 is divided by 359.
358
Calculate the remainder when 145 is divided by 120.
25
What is the remainder when 24829 is divided by 371?
343
Calculate the remainder when 9104 is divided by 243.
113
What is the remainder when 2992 is divided by 1497?
1495
Calculate the remainder when 69710 is divided by 13940.
10
Calculate the remainder when 33735 is divided by 141.
36
What is the remainder when 5931 is divided by 593?
1
What is the remainder when 7022 is divided by 2309?
95
What is the remainder when 355444 is divided by 1154?
12
What is the remainder when 969987 is divided by 70?
67
What is the remainder when 19296 is divided by 135?
126
Calculate the remainder when 147333 is divided by 1060.
1053
What is the remainder when 3844 is divided by 32?
4
Calculate the remainder when 385 is divided by 115.
40
What is the remainder when 236943 is divided by 118?
117
What is the remainder when 27450 is divided by 4562?
78
Calculate the remainder when 31729 is divided by 97.
10
What is the remainder when 114247 is divided by 28?
7
What is the remainder when 40289 is divided by 4468?
77
Calculate the remainder when 115068 is divided by 133.
23
What is the remainder when 947 is divided by 25?
22
What is the remainder when 3255 is divided by 643?
40
What is the remainder when 99029 is divided by 24715?
169
Calculate the remainder when 1628 is divided by 17.
13
Calculate the remainder when 20934 is divided by 28.
18
What is the remainder when 10519 is divided by 10513?
6
What is the remainder when 22102 is divided by 51?
19
What is the remainder when 382 is divided by 137?
108
Calculate the remainder when 1847 is divided by 29.
20
What is the remainder when 143565 is divided by 36?
33
Calculate the remainder when 8024 is divided by 620.
584
Calculate the remainder when 10515 is divided by 54.
39
Calculate the remainder when 128591 is divided by 489.
473
What is the remainder when 6469 is divided by 58?
31
Calculate the remainder when 1129 is divided by 279.
13
What is the remainder when 275987 is divided by 193?
190
What is the remainder when 72820 is divided by 3641?
0
What is the remainder when 33933 is divided by 48?
45
Calculate the remainder when 55953 is divided by 287.
275
What is the remainder when 6837 is divided by 57?
54
What is the remainder when 4081 is divided by 295?
246
What is the remainder when 14900 is divided by 414?
410
Calculate the remainder when 1149063 is divided by 369.
366
What is the remainder when 43142 is divided by 919?
868
What is the remainder when 10063 is divided by 7?
4
What is the remainder when 7188 is divided by 7181?
7
What is the remainder when 111149 is divided by 18518?
41
Calculate the remainder when 168491 is divided by 28079.
17
Calculate the remainder when 891 is divided by 92.
63
Calculate the remainder when 123243 is divided by 12.
3
Calculate the remainder when 1967 is divided by 253.
196
What is the remainder when 60913 is divided by 60875?
38
What is the remainder when 805986 is divided by 91?
90
Calculate the remainder when 106836 is divided by 53418.
0
What is the remainder when 7521 is divided by 151?
122
What is the remainder when 2592 is divided by 201?
180
What is the remainder when 1261 is divided by 33?
7
Calculate the remainder when 118547 is divided by 116.
111
What is the remainder when 113037 is divided by 77?
1
Calculate the remainder when 3876 is divided by 21.
12
Calculate the remainder when 13053 is divided by 41.
15
Calculate the remainder when 868895 is divided by 84.
83
What is the remainder when 3736 is divided by 288?
280
Calculate the remainder when 44672 is divided by 6.
2
What is the remainder when 9305 is divided by 52?
49
Calculate the remainder when 75141 is divided by 46.
23
What is the remainder when 20697